5. Suppose 3*j - 4*i - 36 = -0*j, -t*j = -3*i - 36. Suppose -91 = -j*d + 11*d. Is 13 a factor of d?
True
Suppose 0 = 5*g + 1 - 26. Suppose 0*r + g*z = 5*r - 7315, -r + 3*z + 1473 = 0. Does 4 divide (2/(-3))/((-36)/r)?
False
Let a = -1431 - -2803. Suppose 3*t + 4*w = -w + a, t + 3*w = 464. Does 29 divide t?
False
Suppose -10*u = 2*u + 48. Is 20 a factor of (691 - u - -3) + 2?
True
Let x(m) = m**3 + 20*m**2 + 26*m + 39. Does 16 divide x(-17)?
True
Suppose -4*w + 2*o = -0*w - 572, -3*o = -12. Suppose 0 = -u + w + 129. Does 21 divide u?
False
Let t(l) = -44. Let p(z) = z - 88. Let f(h) = -3*p(h) + 5*t(h). Let k(q) = 11*q + 2. Let b be k(-1). Is 4 a factor of f(b)?
False
Suppose -64005 = -3*h - 49064 + 74594. Is h a multiple of 173?
False
Suppose 2*s - 4849 = -1109. Does 110 divide s?
True
Let w = 37 + -29. Let v(y) = 22*y - w*y + 2 + 128*y. Is v(1) a multiple of 18?
True
Suppose 4*c - 70 = 3*w, 5*c - 54 = c - 5*w. Suppose -10080 = -4*i - c*i. Is 10 a factor of i?
False
Suppose 0 = 3*j - 2*m + 4, 0*j - 3*j - 2*m = -4. Let q be (-1940)/(-18) + (-40)/(-18) + -2. Suppose j*p - q = -6*p. Is 11 a factor of p?
False
Suppose 0 = -13*b + 6*b + 2885 + 29154. Does 2 divide b?
False
Let v(n) = n**3 + 17*n**2 - n - 15. Let l be 100/(-6) + -2 + 20/12. Let r be v(l). Suppose 4*t = -r*t + 12. Does 2 divide t?
True
Suppose 11*o - 8*o - 147 = 0. Let h be 7/o - (-1)/(-7). Suppose h = 2*m + m, -4*p + 2*m = -104. Does 8 divide p?
False
Let c(q) be the third derivative of 25/6*q**3 + 0*q**4 - 20*q**2 - 1/3*q**5 + 0 - 1/120*q**6 + 0*q. Is 25 a factor of c(-20)?
True
Let k = 7148 - 4373. Is 8 a factor of k?
False
Let n = -54052 + 122444. Is n a multiple of 206?
True
Suppose 0 = -48*r + 50*r + 3*g - 5049, -2523 = -r - g. Does 6 divide r?
True
Suppose -41556 = -15*z + 444. Suppose 21*s = -7*s + z. Does 5 divide s?
True
Let h(v) be the second derivative of -v**3/6 + 2*v**2 - 16*v. Let y be h(4). Suppose y*f + 308 = 7*f. Is f a multiple of 14?
False
Let r(a) = a**3 - 11*a**2 + 40*a - 266. Is r(15) a multiple of 46?
False
Let f be 4/6 - 6/((-18)/7). Let a be ((-12)/(-18))/(1/(-18)). Does 5 divide (-4)/a + (-44)/(-9)*f?
True
Let q(b) = -b + 338. Let d(y) = y + 337. Let r(x) = -3*d(x) + 4*q(x). Is 16 a factor of r(0)?
False
Let s(j) = j + 10. Let v be s(-3). Suppose 0 = 3*k + 2*w - 44, -v*w - 54 = -4*k - 5*w. Suppose -13*y + k*y = 192. Does 31 divide y?
False
Let z(b) = b**3 + 10*b**2 + b + 43. Is 2 a factor of z(-9)?
False
Let d(z) be the third derivative of -z**4/24 - 4*z**3 - 17*z**2. Let g be d(-15). Does 2 divide 4/(-20)*g*10?
True
Let g(s) = 2*s**2 - 48*s - 2. Let o be g(20). Let j = 250 + o. Is 11 a factor of j?
True
Let y(i) = -i**3 + 82*i**2 + 9*i + 71. Is 24 a factor of y(20)?
False
Let j(f) be the second derivative of 7*f**6/720 - 17*f**5/60 - 3*f**4/4 - 28*f. Let x(l) be the third derivative of j(l). Does 13 divide x(15)?
False
Suppose -4*w = -2*q - 1110, -3*w = -2*w + 4*q - 300. Suppose n - 5*a = -n + w, a = 5*n - 654. Does 11 divide n?
False
Let w(b) = -294*b + 664. Is 26 a factor of w(-21)?
True
Let s(j) = -j**3 + 2*j**2 + 3*j - 2. Let p be s(3). Let v be (-7)/(-21)*(53 + (-2)/p). Let n = v + 54. Is n a multiple of 18?
True
Let x(u) = 250*u + 1296. Is 28 a factor of x(46)?
True
Suppose 15*b = 5*b + 20760. Is (-9)/30 + b/120 a multiple of 3?
False
Let d(j) = j - 55. Let p be d(25). Does 13 divide (1269/(-45))/(2/p)?
False
Let o = -52 - -71. Suppose -j - i + 2 + 2 = 0, -4*j + o = i. Suppose 70 = j*s - 0. Is 7 a factor of s?
True
Let b = -327 + 331. Suppose -b*n + 5*t + 1181 = 0, 0*t - 1187 = -4*n + 3*t. Is n a multiple of 23?
True
Let n(r) be the first derivative of r**5/20 + 13*r**4/12 - r**3 + 7*r**2/2 - 3*r + 12. Let f(q) be the first derivative of n(q). Does 59 divide f(-6)?
True
Let f be 3/(-12) - 9/12. Let r be (-15)/f - 0/(-3). Is 5 a factor of 3 + r + (1 - -1)?
True
Let j be (-16)/(-96) - ((-245)/(-42))/(-7). Suppose -2*b - 2 = 6, -3*l - 4*b + 24914 = 0. Is j/4 - (l/8)/(-5) a multiple of 14?
False
Let n(a) = a**3 + 15*a**2 + 18*a - 2. Let w be n(-13). Suppose -9*g - w = -642. Is 6 a factor of g + (-4 + 5 - -3)?
False
Let m = -2053 + 4069. Is 21 a factor of m?
True
Let j(k) = -7*k**3 + 4*k**2 - 3*k - 6. Let v be j(-3). Suppose -3*d = 3 - 18. Suppose d*b - v = -5*r + 282, 2*b - 5*r = 190. Is 10 a factor of b?
True
Let b = -931 - -948. Suppose -52*z = b*z - 15042. Does 4 divide z?
False
Is 1 + (-581)/(40/(-32) + 1) a multiple of 28?
False
Suppose 2*y - 1 = 2*h + 15, h + 5*y + 8 = 0. Is 0/2 + 7 + (-1176)/h a multiple of 10?
False
Let c(o) = 24*o**2 + 2*o - 4. Let u(d) = -20*d - 143. Let k be u(-7). Does 7 divide c(k)?
False
Let i = 397 - 451. Is 9 a factor of 8428/24 - (-9)/i?
True
Suppose -15 - 15 = 3*c. Is 41 a factor of c/10 - (2 - 3)*485?
False
Let x = 309 + -98. Let a = x + -188. Is 5 a factor of a?
False
Let d = 140998 + -86913. Is d a multiple of 29?
True
Suppose -15 = 4*x - 7*x. Let s(a) = -a**2 + 7*a - 1. Let q be s(x). Suppose 36 = 5*k - k - 3*n, q = k + 2*n. Is 9 a factor of k?
True
Suppose s = 5*r + 5490, 4*s + 2*r - 8115 = 13801. Is s a multiple of 84?
False
Let i(t) = -2665*t - 1055. Is 14 a factor of i(-1)?
True
Let t = 20647 + -8439. Does 112 divide t?
True
Let f be (-1)/(-4) - 3/((-60)/755). Suppose -f = -4*v + 658. Let m = v + 50. Does 56 divide m?
True
Let f(p) = p**3 + 4*p**2 - 5*p + 4. Let l be f(-5). Suppose 6 = -2*m, 3*t - 1060 = l*m - 106. Does 5 divide t?
False
Let x(n) = 1704*n**2 - 163*n - 19. Does 249 divide x(-4)?
False
Suppose 102*o = -104*o + 172*o + 282744. Is 150 a factor of o?
False
Let c be -4 - (-3 + 74/2)/(-1). Let z be c/7 + -4 - 86/7. Does 27 divide z/(15/5) + 193?
True
Let x(o) = -o**3 - o**2 + 4*o - 4. Let z be x(-3). Suppose 3*b - z*b - 4*d = 14, 0 = 2*d + 8. Does 25 divide (-6)/15 - ((-508)/(-10))/b?
True
Let a(i) = 1526*i + 2356. Is 81 a factor of a(15)?
False
Is 13 a factor of -371 - -381 - 10396/(-2)?
False
Let n = 20 + -16. Let a be ((-2)/n)/(2/(-14*8)). Let o = a - 10. Does 12 divide o?
False
Suppose 74*o - 21808 = 39390. Is o a multiple of 10?
False
Suppose 4*s + 154560 = 4*w, -36*w + 6*s = -40*w + 154630. Is 157 a factor of w?
False
Let y be 6/(-4)*(-40)/12. Let x be (-2)/((-2)/8 + (-9)/36). Suppose -y*j + u = -598, j - 112 = -0*j + x*u. Is 5 a factor of j?
True
Let f(c) = c**2 - 10*c + 27. Let p be f(6). Suppose 4*n - 2*t - 724 = 0, -p*n - 3*t + t = -550. Does 8 divide n?
False
Let q(h) be the first derivative of 3*h**3 - 2*h**2 + 11*h - 65. Is q(7) a multiple of 68?
False
Suppose -3 - 17 = -5*w. Is 9 a factor of w/(-6) - (-712)/6?
False
Suppose -1908*r = -1917*r + 84195. Does 17 divide r?
False
Let c = -20957 + 42343. Is 37 a factor of c?
True
Let l = -2333 + 4796. Is 3 a factor of l?
True
Suppose 56 = 5*z - 2*o, -z = -3*z + 4*o + 16. Is 10 a factor of (-80)/z*(-15 + 6)?
True
Let c(p) = -220*p - 668. Is 61 a factor of c(-84)?
True
Let y(g) be the second derivative of g**6/120 + 3*g**5/40 - 3*g**4/2 - 10*g. Let a(q) be the third derivative of y(q). Does 17 divide a(7)?
True
Suppose 2*f + 5550 = d, -564*f + 566*f + 27726 = 5*d. Is d a multiple of 14?
True
Let b(g) = 4*g**2 + 5*g. Let l be b(-4). Suppose 11*x + l - 176 = 0. Suppose -x*m + 136 = -11*m. Is 14 a factor of m?
False
Let r(x) = -15*x**2 + 17*x**2 - 7*x - 6*x + 14. Does 2 divide r(6)?
True
Suppose 0 = -2*q + f + 71484, 5*f = 1783*q - 1785*q + 71484. Is q a multiple of 23?
True
Is 13 a factor of ((-10)/(-14))/(6/50466) - (-54)/(-63)?
False
Let q(d) = -d**3 - 3*d**2 - 12*d - 25. Let m be -4*1/4 - 3. Is 3 a factor of q(m)?
True
Let k = -72 - -105. Suppose -36*y = -k*y. Suppose 4*z - 2*n - 114 = -0*z, -4*z - n + 99 = y. Is 26 a factor of z?
True
Let o(w) = w + 140. Let k be o(-35). Is 20 a factor of 0 + k + (-3 + -2)*-1?
False
Let z(m) = 2*m**2 + 26*m + 12. Let h be -1*((-27)/4)/(39/(-104)). Is z(h) a multiple of 48?
True
Let a(g) = g**3 + 37*g**2 + 127*g - 29. Let z(o) = -o**3 - 27*o**2 + 29*o - 4. Let x be z(-28). Is a(x) a multiple of 12?
False
Suppose -7*o = 7 - 21. Suppose -5*q + o*q = -3*f - 366, 0 = -f. Is q a multiple of 50?
False
Let y(g) = g**2 + 9*g + 8. Suppose 0 = 5*j - 2*j + i - 27, 5*i - 27 = -3*j. Suppose -n + j = 1. Is y(n) a multiple of 12?
True
Suppose 0 = 3*k - 2*m + 1053, 0*k - 2*k - 697 = -3*m. Let a = k - -596. Does 3 divide a?
T